{"id":371,"date":"2022-01-12T12:03:10","date_gmt":"2022-01-12T12:03:10","guid":{"rendered":"https:\/\/transjol.pt\/?page_id=371"},"modified":"2023-07-21T10:18:41","modified_gmt":"2023-07-21T10:18:41","slug":"servicos","status":"publish","type":"page","link":"https:\/\/transjol.pt\/?page_id=371","title":{"rendered":"Servi\u00e7os"},"content":{"rendered":"<p>[vc_row][vc_column][vc_column_text]<\/p>\n<h3 style=\"text-align: center;\">SERVI\u00c7OS<\/h3>\n<p style=\"text-align: center;\">O nosso leque de servi\u00e7os permite ir ao encontro das suas necessidades, com efici\u00eancia, qualidade e profissionalismo.<\/p>\n<p>[\/vc_column_text][\/vc_column][\/vc_row][vc_row][vc_column width=&#8221;1\/4&#8243;]<div class=\"jas-service tc\"><div class=\"icon small cp\"><i class=\"pe-7s-menu\"><\/i><\/div><div class=\"content\"><h3 class=\"title cp tu fs__14 mt__5 mb__25\">Carga Geral<\/h3><div>Transporte carga geral em lona<\/div><\/div><\/div>[vc_single_image image=&#8221;561&#8243; alignment=&#8221;center&#8221;][\/vc_column][vc_column width=&#8221;1\/4&#8243;]<div class=\"jas-service tc\"><div class=\"icon small cp\"><i class=\"pe-7s-sun\"><\/i><\/div><div class=\"content\"><h3 class=\"title cp tu fs__14 mt__5 mb__25\">Frigor\u00edfico<\/h3><div>Com temperatura controlada<\/div><\/div><\/div>[vc_single_image image=&#8221;558&#8243; alignment=&#8221;right&#8221;][\/vc_column][vc_column width=&#8221;1\/4&#8243;]<div class=\"jas-service tc\"><div class=\"icon small cp\"><i class=\"pe-7s-gym\"><\/i><\/div><div class=\"content\"><h3 class=\"title cp tu fs__14 mt__5 mb__25\">Transporte Especial<\/h3><div>Carga com medidas extra<\/div><\/div><\/div>[vc_single_image image=&#8221;559&#8243; alignment=&#8221;center&#8221;][\/vc_column][vc_column width=&#8221;1\/4&#8243;]<div class=\"jas-service tc\"><div class=\"icon small cp\"><i class=\"pe-7s-server\"><\/i><\/div><div class=\"content\"><h3 class=\"title cp tu fs__14 mt__5 mb__25\">Reboque de Estrado<\/h3><div>Transporte em reboque de estrado<\/div><\/div><\/div>[\/vc_column][\/vc_row][vc_row][vc_column][vc_zigzag][\/vc_column][\/vc_row][vc_row][vc_column width=&#8221;1\/4&#8243;]<div class=\"jas-service tc\"><div class=\"icon small cp\"><i class=\"pe-7s-box2\"><\/i><\/div><div class=\"content\"><h3 class=\"title cp tu fs__14 mt__5 mb__25\">Contentores<\/h3><div>Transporte de contentores<\/div><\/div><\/div>[vc_single_image image=&#8221;562&#8243; alignment=&#8221;center&#8221;][\/vc_column][vc_column width=&#8221;1\/4&#8243;]<div class=\"jas-service tc\"><div class=\"icon small cp\"><i class=\"pe-7s-drop\"><\/i><\/div><div class=\"content\"><h3 class=\"title cp tu fs__14 mt__5 mb__25\">L\u00edquidos<\/h3><div>Transporte de l\u00edquidos alimentares<\/div><\/div><\/div>[\/vc_column][vc_column width=&#8221;1\/4&#8243;]<div class=\"jas-service tc\"><div class=\"icon small cp\"><i class=\"pe-7s-anchor\"><\/i><\/div><div class=\"content\"><h3 class=\"title cp tu fs__14 mt__5 mb__25\">Servi\u00e7o de grua<\/h3><div>Servi\u00e7o de grua &#8211; ve\u00edculo de 19 Ton<\/div><\/div><\/div>[vc_single_image image=&#8221;543&#8243; alignment=&#8221;center&#8221;][\/vc_column][vc_column width=&#8221;1\/4&#8243;][\/vc_column][\/vc_row][vc_row][vc_column][vc_separator][\/vc_column][\/vc_row][vc_row][vc_column][vc_message]<\/p>\n<p style=\"text-align: center;\">Pretende fazer um envio? V\u00e1 ao <a href=\"https:\/\/transjol.pt\/?page_id=31\"><strong>nosso simulador<\/strong><\/a>, onde poder\u00e1 solicitar um or\u00e7amento.<\/p>\n<p>[\/vc_message][\/vc_column][\/vc_row][vc_row][vc_column][vc_separator][\/vc_column][\/vc_row][vc_row][vc_column][vc_column_text]<\/p>\n<blockquote>\n<p style=\"text-align: center;\">Instala\u00e7\u00f5es e equipamentos de manipula\u00e7\u00e3o de cargas para poder responder \u00e0s necessidades dos seus clientes.<\/p>\n<\/blockquote>\n<p>[\/vc_column_text][\/vc_column][\/vc_row]<\/p>\n","protected":false},"excerpt":{"rendered":"<p>[vc_row][vc_column][vc_column_text] SERVI\u00c7OS O nosso leque de servi\u00e7os permite ir ao encontro das suas necessidades, com efici\u00eancia, qualidade e profissionalismo. [\/vc_column_text][\/vc_column][\/vc_row][vc_row][vc_column width=&#8221;1\/4&#8243;][vc_single_image image=&#8221;561&#8243; alignment=&#8221;center&#8221;][\/vc_column][vc_column width=&#8221;1\/4&#8243;][vc_single_image image=&#8221;558&#8243; alignment=&#8221;right&#8221;][\/vc_column][vc_column width=&#8221;1\/4&#8243;][vc_single_image image=&#8221;559&#8243; alignment=&#8221;center&#8221;][\/vc_column][vc_column width=&#8221;1\/4&#8243;][\/vc_column][\/vc_row][vc_row][vc_column][vc_zigzag][\/vc_column][\/vc_row][vc_row][vc_column width=&#8221;1\/4&#8243;][vc_single_image image=&#8221;562&#8243; alignment=&#8221;center&#8221;][\/vc_column][vc_column width=&#8221;1\/4&#8243;][\/vc_column][vc_column width=&#8221;1\/4&#8243;][vc_single_image image=&#8221;543&#8243; alignment=&#8221;center&#8221;][\/vc_column][vc_column width=&#8221;1\/4&#8243;][\/vc_column][\/vc_row][vc_row][vc_column][vc_separator][\/vc_column][\/vc_row][vc_row][vc_column][vc_message] Pretende fazer um envio? V\u00e1 ao nosso simulador, onde poder\u00e1 solicitar um or\u00e7amento. [\/vc_message][\/vc_column][\/vc_row][vc_row][vc_column][vc_separator][\/vc_column][\/vc_row][vc_row][vc_column][vc_column_text] Instala\u00e7\u00f5es e equipamentos [&hellip;]<\/p>\n","protected":false},"author":1,"featured_media":366,"parent":0,"menu_order":0,"comment_status":"closed","ping_status":"closed","template":"","meta":[],"_links":{"self":[{"href":"https:\/\/transjol.pt\/index.php?rest_route=\/wp\/v2\/pages\/371"}],"collection":[{"href":"https:\/\/transjol.pt\/index.php?rest_route=\/wp\/v2\/pages"}],"about":[{"href":"https:\/\/transjol.pt\/index.php?rest_route=\/wp\/v2\/types\/page"}],"author":[{"embeddable":true,"href":"https:\/\/transjol.pt\/index.php?rest_route=\/wp\/v2\/users\/1"}],"replies":[{"embeddable":true,"href":"https:\/\/transjol.pt\/index.php?rest_route=%2Fwp%2Fv2%2Fcomments&post=371"}],"version-history":[{"count":19,"href":"https:\/\/transjol.pt\/index.php?rest_route=\/wp\/v2\/pages\/371\/revisions"}],"predecessor-version":[{"id":567,"href":"https:\/\/transjol.pt\/index.php?rest_route=\/wp\/v2\/pages\/371\/revisions\/567"}],"wp:featuredmedia":[{"embeddable":true,"href":"https:\/\/transjol.pt\/index.php?rest_route=\/wp\/v2\/media\/366"}],"wp:attachment":[{"href":"https:\/\/transjol.pt\/index.php?rest_route=%2Fwp%2Fv2%2Fmedia&parent=371"}],"curies":[{"name":"wp","href":"https:\/\/api.w.org\/{rel}","templated":true}]}}